n base 12?
-31
Convert 24 (base 14) to base 16.
20
What is -29 (base 16) in base 10?
-41
Convert 7 (base 16) to base 4.
13
Convert -52 (base 9) to base 8.
-57
263 (base 9) to base 11
18a
What is -1 (base 9) in base 15?
-1
Convert 240 (base 9) to base 4.
3012
Convert -10 (base 15) to base 16.
-f
4 (base 15) to base 5
4
-100100 (base 2) to base 16
-24
Convert -b (base 16) to base 2.
-1011
0 (base 5) to base 6
0
Convert -111021 (base 3) to base 6.
-1354
-35 (base 6) to base 3
-212
What is 245 (base 7) in base 13?
a1
Convert 42 (base 5) to base 2.
10110
-17 (base 10) to base 6
-25
Convert 5 (base 8) to base 11.
5
Convert 10 (base 3) to base 14.
3
6 (base 10) to base 14
6
Convert -d (base 16) to base 5.
-23
Convert -1 (base 16) to base 15.
-1
Convert 312 (base 7) to base 5.
1111
9 (base 11) to base 3
100
3 (base 10) to base 16
3
Convert 2 (base 10) to base 8.
2
What is 0 (base 7) in base 11?
0
-2 (base 10) to base 14
-2
ba (base 16) to base 14
d4
Convert -110101 (base 2) to base 3.
-1222
Convert 18 (base 9) to base 2.
10001
-1a6 (base 13) to base 9
-368
What is 2 (base 12) in base 7?
2
4 (base 8) to base 2
100
Convert -142 (base 5) to base 2.
-101111
Convert 0 (base 15) to base 9.
0
What is 6 (base 15) in base 5?
11
What is 0 (base 3) in base 2?
0
Convert 533 (base 6) to base 7.
405
What is 17 (base 15) in base 2?
10110
What is 45 (base 10) in base 13?
36
What is 100 (base 2) in base 15?
4
0 (base 12) to base 2
0
19 (base 11) to base 14
16
Convert -257 (base 9) to base 6.
-554
What is -1 (base 9) in base 2?
-1
Convert -321 (base 5) to base 10.
-86
Convert 22 (base 13) to base 2.
11100
Convert 0 (base 11) to base 3.
0
3 (base 8) to base 10
3
What is 3 (base 15) in base 13?
3
3 (base 6) to base 5
3
Convert -13 (base 15) to base 12.
-16
What is 2 (base 15) in base 7?
2
What is 1a (base 12) in base 11?
20
Convert -100010 (base 3) to base 10.
-246
What is -1 (base 5) in base 7?
-1
Convert 16 (base 7) to base 13.
10
Convert -4 (base 14) to base 16.
-4
What is -bb (base 13) in base 9?
-181
7 (base 15) to base 12
7
What is 2 (base 6) in base 3?
2
What is b (base 12) in base 7?
14
30 (base 6) to base 10
18
76 (base 15) to base 4
1233
Convert 36 (base 16) to base 3.
2000
-3 (base 16) to base 6
-3
Convert 2 (base 13) to base 14.
2
Convert -24 (base 6) to base 7.
-22
What is -3 (base 9) in base 15?
-3
Convert 4 (base 7) to base 6.
4
-10 (base 3) to base 7
-3
-11 (base 14) to base 8
-17
Convert 198 (base 10) to base 9.
240
34 (base 5) to base 2
10011
Convert -1 (base 11) to base 13.
-1
3 (base 9) to base 14
3
Convert 26 (base 9) to base 15.
19
What is -156 (base 8) in base 13?
-86
Convert 37 (base 16) to base 14.
3d
-7 (base 14) to base 9
-7
What is 0 (base 9) in base 5?
0
What is -3 (base 10) in base 7?
-3
4 (base 15) to base 12
4
Convert -3a (base 15) to base 13.
-43
Convert -1 (base 5) to base 11.
-1
Convert -201 (base 4) to base 11.
-30
What is -545 (base 6) in base 8?
-321
Convert 2e (base 15) to base 3.
1122
Convert -40 (base 5) to base 6.
-32
What is -1 (base 8) in base 9?
-1
What is 111111 (base 2) in base 11?
58
What is -110 (base 3) in base 11?
-11
What is 1 (base 10) in base 8?
1
Convert 0 (base 8) to base 5.
0
Convert -3 (base 13) to base 3.
-10
12 (base 3) to base 7
5
What is -11 (base 8) in base 16?
-9
Convert -10 (base 2) to base 16.
-2
What is -7 (base 13) in base 7?
-10
-230 (base 9) to base 16
-bd
Convert -100 (base 3) to base 5.
-14
-6 (base 8) to base 15
-6
Convert 58 (base 16) to base 7.
154
What is 20 (base 3) in base 13?
6
-110011 (base 2) to base 5
-201
9 (base 16) to base 14
9
Convert -2 (base 4) to base 13.
-2
0 (base 14) to base 2
0
24 (base 9) to base 10
22
What is 69 (base 14) in base 13?
72
Convert -c (base 15) to base 6.
-20
Convert -23 (base 10) to base 6.
-35
Convert 0 (base 15) to base 13.
0
What is 13 (base 9) in base 3?
110
4 (base 16) to base 3
11
What is 3 (base 7) in base 4?
3
Convert -1 (base 13) to base 11.
-1
-34 (base 9) to base 3
-1011
What is -2 (base 5) in base 6?
-2
Convert 108 (base 13) to base 12.
129
33 (base 13) to base 5
132
19 (base 12) to base 14
17
Convert -12 (base 11) to base 7.
-16
-4a (base 12) to base 16
-3a
0 (base 15) to base 5
0
What is -130 (base 4) in base 2?
-11100
What is -6 (base 15) in base 13?
-6
0 (base 9) to base 7
0
Convert -5 (base 7) to base 2.
-101
-14 (base 6) to base 9
-11
What is 11 (base 16) in base 14?
13
82 (base 11) to base 8
132
-133 (base 14) to base 6
-1041
What is 10 (base 4) in base 6?
4
What is -8 (base 15) in base 3?
-22
203 (base 5) to base 6
125
Convert 110001 (base 2) to base 7.
100
What is 100011 (base 2) in base 14?
27
What is -21 (base 4) in base 5?
-14
Convert 64 (base 7) to base 10.
46
3 (base 10) to base 11
3
What is 3 (base 8) in base 12?
3
What is -11 (base 7) in base 9?
-8
Convert 1000 (base 2) to base 13.
8
40 (base 10) to base 5
130
Convert -1115 (base 7) to base 11.
-338
-3 (base 14) to base 3
-10
Convert -84 (base 16) to base 2.
-10000100
Convert 1 (base 2) to base 5.
1
What is -11 (base 9) in base 2?
-1010
Convert 136 (base 11) to base 14.
b6
What is -11 (base 2) in base 11?
-3
What is 4a (base 16) in base 15?
4e
3c (base 15) to base 7
111
3 (base 11) to base 12
3
What is -f (base 16) in base 9?
-16
Convert 5 (base 13) to base 4.
11
Convert -4 (base 15) to base 2.
-100
-5 (base 6) to base 5
-10
What is 102 (base 3) in base 4?
23
What is -5 (base 7) in base 6?
-5
Convert 54 (base 15) to base 16.
4f
What is 4 (base 7) in base 15?
4
What is -10200 (base 3) in base 5?
-344
What is -43 (base 6) in base 8?
-33
What is 113 (base 10) in base 16?
71
Convert -12031 (base 4) to base 2.
-110001101
What is 3 (base 16) in base 8?
3
Convert -1110000 (base 2) to base 13.
-88
-38 (base 10) to base 9
-42
-2 (base 3) to base 6
-2
What is -5 (base 15) in base 3?
-12
What is 10 (base 6) in base 3?
20
What is 3 (base 7) in base 2?
11
-5 (base 9) to base 16
-5
Convert 0 (base 14) to base 7.
0
Convert 180 (base 9) to base 14.
ad
What is 156 (base 12) in base 4?
3102
Convert 24 (base 10) to base 15.
19
Convert 3011 (base 4) to base 14.
101
2 (base 3) to base 11
2
What is 1110 (base 2) in base 14?
10
What is -a (base 11) in base 16?
-a
Convert -19 (base 10) to base 5.
-34
Convert -231 (base 7) to base 9.
-143
-79 (base 11) to base 15
-5b
What is -8 (base 15) in base 14?
-8
14 (base 16) to base 11
19
Convert -9 (base 12) to base 9.
-10
Convert -38 (base 11) to base 16.
-29
What is -200 (base 5) in base 12?
-42
What is -19a (base 11) in base 6?
-1022
Convert 100 (base 10) to base 5.
400
What is 11000 (base 2) in base 7?
33
-65 (base 13) to base 16
-53
-3 (base 4) to base 13
-3
Convert 1 (base 12) to base 4.
1
-41 (base 5) to base 2
-10101
Convert -4 (base 14) to base 6.
-4
What is -20 (base 8) in base 9?
-17
What is 0 (base 9) in base 16?
0
Convert 2 (base 4) to base 12.
2
-9 (base 16) to base 4
-21
Convert -10 (base 8) to base 2.
-1000
120 (base 9) to base 6
243
1101 (base 2) to base 16
d
-54 (base 12) to base 14
-48
Convert -9 (base 13) to base 12.
-9
What is -13 (base 4) in base 8?
-7
4 (base 10) to base 8
4
-2 (base 15) to base 6
-2
What is -16 (base 8) in base 13?
-11
Convert 311 (base 6) to base 8.
163
Convert 7 (base 14) to base 9.
7
Convert 6 (base 14) to base 3.
20
Convert -256 (base 9) to base 13.
-135
Convert -28 (base 15) to base 13.
-2c
-15 (base 14) to base 2
-10011
What is -41 (base 8) in base 4?
-201
-33 (base 10) to base 3
-1020
What is -130 (base 10) in base 2?
-10000010
What is -6 (base 7) in base 6?
-10
-10 (base 4) to base 13
-4
What is -6 (base 11) in base 13?
-6
Convert 110 (base 2) to base 3.
20
What is -a (base 13) in base 2?
-1010
Convert -148 (base 10) to base 2.
-10010100
Convert -3 (base 12) to base 6.
-3
2 (base 11) to base 7
2
Convert 6 (base 16) to base 14.
6
Convert -1 (base 2) to base 7.
-1
0 (base 15) to base 16
0
-1 (base 2) to base 12
-1
What is -7 (base 13) in base 4?
-13
-151 (base 9) to base 14
-91
What is -1014 (base 5) in base 12?
-b2
What is 3 (base 14) in base 13?
3
-10111111 (base 2) to base 10
-191
-16 (base 8) to base 10
-14
-4 (base 14) to base 12
-4
Convert e (base 16) to base 13.
11
Convert 7 (base 16) to base 7.
10
What is 11 (base 4) in base 10?
5
What is -11 (base 15) in base 16?
-10
What is -4 (base 7) in base 9?
-4
What is -